{"id":82,"date":"2020-08-29T08:04:05","date_gmt":"2020-08-29T08:04:05","guid":{"rendered":"https:\/\/lindenschule.online\/?page_id=82"},"modified":"2024-01-25T16:07:40","modified_gmt":"2024-01-25T16:07:40","slug":"betreuungsangebote","status":"publish","type":"page","link":"https:\/\/lindenschule-schwandorf.de\/?page_id=82","title":{"rendered":"Betreuungsangebote"},"content":{"rendered":"\n<figure class=\"wp-block-image size-large\"><img fetchpriority=\"high\" decoding=\"async\" width=\"1024\" height=\"335\" src=\"https:\/\/lindenschule-schwandorf.de\/wp-content\/uploads\/2022\/01\/Fotolia_79243273_S-1024x335.jpg\" alt=\"\" class=\"wp-image-909\" srcset=\"https:\/\/lindenschule-schwandorf.de\/wp-content\/uploads\/2022\/01\/Fotolia_79243273_S-1024x335.jpg 1024w, https:\/\/lindenschule-schwandorf.de\/wp-content\/uploads\/2022\/01\/Fotolia_79243273_S-300x98.jpg 300w, https:\/\/lindenschule-schwandorf.de\/wp-content\/uploads\/2022\/01\/Fotolia_79243273_S-768x251.jpg 768w, https:\/\/lindenschule-schwandorf.de\/wp-content\/uploads\/2022\/01\/Fotolia_79243273_S.jpg 1211w\" sizes=\"(max-width: 706px) 89vw, (max-width: 767px) 82vw, 740px\" \/><\/figure>\n\n\n\n<p class=\"has-black-color has-text-color\">So individuell wie jedes Kind, sind auch die zeitlichen Voraussetzungen und Tagesabl\u00e4ufe der Familie, in der es lebt. Um jeder Familie ein passendes Betreuungsangebot machen zu k\u00f6nnen, bietet die Linden-Grundschule zwei unterschiedliche Betreuungsm\u00f6glichkeiten an.<\/p>\n\n\n\n<h2 class=\"wp-block-heading has-black-color has-text-color\">Mittagsbetreuung<\/h2>\n\n\n\n<p class=\"has-black-color has-text-color\">Die Mittagsbetreuung findet von Montag &#8211; Freitag von 11.00 Uhr &#8211; 14.00 Uhr statt. Die Kinder haben die M\u00f6glichkeit ihre Hausaufgaben zu erledigen und gemeinsam ihre Freizeit zu gestalten.<br><br>Bei Fragen wenden Sie sich bitte an Fr. Strobel unter der Telefonnummer 0160\/93506534.<br><br>Weitere Informationen finden Sie unter <a href=\"http:\/\/web2.cylex.de\/reviews\/viewcompanywebsite.aspx?firmaName=awo+kreisverband+schwandorf+e.v.&amp;companyId=6988122\"><\/a><a href=\"http:\/\/web2.cylex.de\/reviews\/viewcompanywebsite.aspx?firmaName=awo+kreisverband+schwandorf+e.v.&amp;companyId=6988122\">AWO Kreisverband Schwandorf e.V. (cylex.de)<\/a>. Gehen Sie dazu unter dem Oberpunkt &#8222;Einrichtungen &#8211; Leistungen&#8220; auf &#8222;Mittagsbetreuung&#8220; und klicken Sie die &#8222;Lindenschule&#8220; an.<\/p>\n\n\n\n<h2 class=\"wp-block-heading has-black-color has-text-color\">Sch\u00fclerhort<\/h2>\n\n\n\n<p class=\"has-black-color has-text-color\">Der Sch\u00fclerhort Lindenschule ist eine familienerg\u00e4nzende und -unterst\u00fctzende Einrichtung. Unsere Aufgaben sind die Bildung, Erziehung und Betreuung von Schulkindern im Alter zwischen 6 und 14 Jahren.<\/p>\n\n\n\n<figure class=\"wp-block-video\"><video controls src=\"https:\/\/lindenschule-schwandorf.de\/wp-content\/uploads\/2024\/01\/Schuelerhort_1.mp4\"><\/video><\/figure>\n\n\n\n<p><strong>Leitung: Sigrid M\u00fcller<\/strong><\/p>\n\n\n\n<p>Siemensstra\u00dfe 2<\/p>\n\n\n\n<p>92421 Schwandorf<\/p>\n\n\n\n<p>Tel: 09431 \/ 529032<\/p>\n\n\n\n<p>schuelerhort-lindenschule@awo-sad.de<\/p>\n\n\n\n<p><\/p>\n\n\n\n<p> <strong>Anmeldung<\/strong><br><br>Sie k\u00f6nnen sich vor Ort im Sch\u00fclerhort anmelden.<\/p>\n\n\n\n<p><strong>Weitere Informationen finden Sie <\/strong><a href=\"http:\/\/awo-sad.de\/wp-content\/uploads\/2022\/07\/SChuelerhort-2022.pdf\"><strong>HIER<\/strong> <\/a><\/p>\n\n\n\n<p><\/p>\n\n\n\n<p>                                                                                     <br><br><\/p>\n","protected":false},"excerpt":{"rendered":"<p>So individuell wie jedes Kind, sind auch die zeitlichen Voraussetzungen und Tagesabl\u00e4ufe der Familie, in der es lebt. Um jeder Familie ein passendes Betreuungsangebot machen zu k\u00f6nnen, bietet die Linden-Grundschule zwei unterschiedliche Betreuungsm\u00f6glichkeiten an. Mittagsbetreuung Die Mittagsbetreuung findet von Montag &#8211; Freitag von 11.00 Uhr &#8211; 14.00 Uhr statt. Die Kinder haben die M\u00f6glichkeit ihre &hellip; <\/p>\n<p class=\"link-more\"><a href=\"https:\/\/lindenschule-schwandorf.de\/?page_id=82\" class=\"more-link\"><span class=\"screen-reader-text\">\u201eBetreuungsangebote\u201c<\/span> weiterlesen<\/a><\/p>\n","protected":false},"author":1,"featured_media":0,"parent":0,"menu_order":0,"comment_status":"closed","ping_status":"closed","template":"","meta":{"footnotes":""},"class_list":["post-82","page","type-page","status-publish","hentry"],"_links":{"self":[{"href":"https:\/\/lindenschule-schwandorf.de\/index.php?rest_route=\/wp\/v2\/pages\/82","targetHints":{"allow":["GET"]}}],"collection":[{"href":"https:\/\/lindenschule-schwandorf.de\/index.php?rest_route=\/wp\/v2\/pages"}],"about":[{"href":"https:\/\/lindenschule-schwandorf.de\/index.php?rest_route=\/wp\/v2\/types\/page"}],"author":[{"embeddable":true,"href":"https:\/\/lindenschule-schwandorf.de\/index.php?rest_route=\/wp\/v2\/users\/1"}],"replies":[{"embeddable":true,"href":"https:\/\/lindenschule-schwandorf.de\/index.php?rest_route=%2Fwp%2Fv2%2Fcomments&post=82"}],"version-history":[{"count":25,"href":"https:\/\/lindenschule-schwandorf.de\/index.php?rest_route=\/wp\/v2\/pages\/82\/revisions"}],"predecessor-version":[{"id":1915,"href":"https:\/\/lindenschule-schwandorf.de\/index.php?rest_route=\/wp\/v2\/pages\/82\/revisions\/1915"}],"wp:attachment":[{"href":"https:\/\/lindenschule-schwandorf.de\/index.php?rest_route=%2Fwp%2Fv2%2Fmedia&parent=82"}],"curies":[{"name":"wp","href":"https:\/\/api.w.org\/{rel}","templated":true}]}}