{"id":72,"date":"2020-08-29T08:02:46","date_gmt":"2020-08-29T08:02:46","guid":{"rendered":"https:\/\/lindenschule.online\/?page_id=72"},"modified":"2024-09-26T15:15:18","modified_gmt":"2024-09-26T15:15:18","slug":"schulberatung","status":"publish","type":"page","link":"https:\/\/lindenschule-schwandorf.de\/?page_id=72","title":{"rendered":"Schulberatung"},"content":{"rendered":"\t\t<div data-elementor-type=\"wp-page\" data-elementor-id=\"72\" class=\"elementor elementor-72\" data-elementor-post-type=\"page\">\n\t\t\t\t\t\t<section class=\"elementor-section elementor-top-section elementor-element elementor-element-5f72f86b elementor-section-boxed elementor-section-height-default elementor-section-height-default\" data-id=\"5f72f86b\" data-element_type=\"section\">\n\t\t\t\t\t\t<div class=\"elementor-container elementor-column-gap-default\">\n\t\t\t\t\t<div class=\"elementor-column elementor-col-100 elementor-top-column elementor-element elementor-element-28303913\" data-id=\"28303913\" data-element_type=\"column\">\n\t\t\t<div class=\"elementor-widget-wrap elementor-element-populated\">\n\t\t\t\t\t\t<div class=\"elementor-element elementor-element-7f38b12 elementor-widget elementor-widget-text-editor\" data-id=\"7f38b12\" data-element_type=\"widget\" data-widget_type=\"text-editor.default\">\n\t\t\t\t<div class=\"elementor-widget-container\">\n\t\t\t\t\t\t\t<p><!-- wp:image {\"align\":\"center\",\"id\":701,\"width\":411,\"height\":230,\"sizeSlug\":\"full\",\"linkDestination\":\"none\",\"className\":\"is-style-default\"} --><\/p>\n<figure class=\"wp-block-image aligncenter size-full is-resized is-style-default\"><img fetchpriority=\"high\" decoding=\"async\" width=\"948\" height=\"533\" src=\"https:\/\/lindenschule-schwandorf.de\/wp-content\/uploads\/2021\/10\/90132048-ecfc-4d36-ae75-1dcc7546598b_w948_r1.778_fpx45_fpy50.jpg\" alt=\"\" class=\"wp-image-701\" style=\"width:411px;height:230px\" srcset=\"https:\/\/lindenschule-schwandorf.de\/wp-content\/uploads\/2021\/10\/90132048-ecfc-4d36-ae75-1dcc7546598b_w948_r1.778_fpx45_fpy50.jpg 948w, https:\/\/lindenschule-schwandorf.de\/wp-content\/uploads\/2021\/10\/90132048-ecfc-4d36-ae75-1dcc7546598b_w948_r1.778_fpx45_fpy50-300x169.jpg 300w, https:\/\/lindenschule-schwandorf.de\/wp-content\/uploads\/2021\/10\/90132048-ecfc-4d36-ae75-1dcc7546598b_w948_r1.778_fpx45_fpy50-768x432.jpg 768w\" sizes=\"(max-width: 706px) 89vw, (max-width: 767px) 82vw, 740px\" \/><\/figure>\n<p><!-- \/wp:image --><\/p>\n<p><!-- wp:paragraph {\"textColor\":\"black\"} --><\/p>\n<p class=\"has-black-color has-text-color\">Bei Erfahrungen von h\u00e4uslicher oder sexueller Gewalt, Depressionen oder Angstst\u00f6rungen k\u00f6nnen sich betroffene Kinder und Jugendliche, oder Personen im Umfeld, die darauf aufmerksam werden, u. a. bei den nachfolgend genannten Einrichtungen au\u00dferhalb der Schule beraten lassen:<\/p>\n<p><!-- \/wp:paragraph --><\/p>\n<p><!-- wp:list {\"textColor\":\"black\"} --><\/p>\n<ul class=\"has-black-color has-text-color\"><!-- wp:list-item --><p><\/p>\n<li>Beratungslehrkraft:  Frau Sachs<br>Sprechzeit: Mittwoch von 12.00 Uhr \u2013 13.00 Uhr, Tel.-Nr.:&nbsp;09431-2674<\/li>\n<p><!-- \/wp:list-item --><\/p>\n<p><!-- wp:list-item --><\/p>\n<li>Schulpsychologin: Frau Schindler<br>Sprechzeit: Mittwoch von 11.00 Uhr &#8211; 12.00 Uhr, Tel-Nr.: 0173\/6523233 <\/li>\n<p><!-- \/wp:list-item --><\/p>\n<p><!-- wp:list-item --><\/p>\n<li>Jugendsozialarbeiter: Herr Heinzl<br>Sprechzeit: Montag &#8211; Freitag von 8.30 Uhr &#8211; 12.30 Uhr, Tel-Nr.:0174\/1581376<\/li>\n<p><!-- \/wp:list-item --><\/p>\n<p><!-- wp:list-item --><\/p>\n<li>Staatliche Schulberatungsstelle f\u00fcr die Oberpfalz<br>Tel-Nr.: 0941\/5985330 bzw. info@sbopf.de<\/li>\n<p><!-- \/wp:list-item --><\/p>\n<p><!-- wp:list-item --><\/p>\n<li>Erziehungsberatungsstelle f\u00fcr Schwandorf<br>Tel-Nr.: 09431\/997010 bzw. info@beratungsstelle-schwandorf.de<\/li>\n<p><!-- \/wp:list-item --><\/p>\n<p><!-- wp:list-item --><\/p>\n<li>Facharzt f\u00fcr Kinder- und Jugendpsychiatrie und -psychotherapie                                                     Dr. med. Florian Schalkhafter, Tel.-Nr.: 0941\/6408220<\/li>\n<p><!-- \/wp:list-item --><\/p>\n<p><!-- wp:list-item --><\/p>\n<li>Kinder- und Jugendlichenpsychotherapeutin, Renate Amann                                                            Tel. 09431\/5108790                                                                         <\/li>\n<p><!-- \/wp:list-item --><\/p>\n<p><!-- wp:list-item --><\/p>\n<li>Psychologische Psychotherapeuten, Praxis Gradl\/Lindner<br>Tel-Nr.: 09431\/990565<\/li>\n<p><!-- \/wp:list-item --><\/p>\n<\/ul>\n<p><!-- \/wp:list --><\/p>\n<p><!-- wp:paragraph {\"textColor\":\"black\"} --><\/p>\n<p class=\"has-black-color has-text-color\">Kliniken in der Oberpfalz:<\/p>\n<p><!-- \/wp:paragraph --><\/p>\n<p><!-- wp:list {\"textColor\":\"black\"} --><\/p>\n<ul class=\"has-black-color has-text-color\"><!-- wp:list-item --><p><\/p>\n<li>Kinder- und Jugendpsychiatrie am Bezirksklinikum (BKH) in Amberg, Cham, Regensburg und Weiden<\/li>\n<p><!-- \/wp:list-item --><\/p>\n<p><!-- wp:list-item --><\/p>\n<li>Sozialp\u00e4diatrisches Zentrum (SPZ) in Weiden<\/li>\n<p><!-- \/wp:list-item --><\/p>\n<p><!-- wp:list-item --><\/p>\n<li>\u00e4rztlicher Bereitschaftsdienst: Tel-Nr.: 116117<\/li>\n<p><!-- \/wp:list-item --><\/p>\n<p><!-- wp:list-item --><\/p>\n<li>niedergelassene Kinder\u00e4rzte und Fach\u00e4rzte f\u00fcr Kinder- und Jugendpsychiatrie unter www.kvb.de<\/li>\n<p><!-- \/wp:list-item --><\/p>\n<p><!-- wp:list-item --><\/p>\n<li>psychologische Psychotherapeuten unter www.kvb.de oder www.bptk.de (Bundespsychotherapeutenkammer) bzw. telefonisch \u00fcber die Koordinationsstelle Psychotherapie 0921\/787765-40410<\/li>\n<p><!-- \/wp:list-item --><\/p>\n<\/ul>\n<p><!-- \/wp:list --><\/p>\n<p><!-- wp:paragraph {\"textColor\":\"black\"} --><\/p>\n<p class=\"has-black-color has-text-color\">Weitere hilfreiche Telefonnummern und Internetadressen:<\/p>\n<p><!-- \/wp:paragraph --><\/p>\n<p><!-- wp:list {\"textColor\":\"black\"} --><\/p>\n<ul class=\"has-black-color has-text-color\"><!-- wp:list-item --><p><\/p>\n<li>Kinder- und Jugendtelefon (Nummer gegen Kummer): 116111 oder www.nummergegenkummer.de (anonym und kostenfrei, auch Onlineberatung)<\/li>\n<p><!-- \/wp:list-item --><\/p>\n<p><!-- wp:list-item --><\/p>\n<li>Telefonseelsorge: 0800\/1110111 oder 0800\/1110222<\/li>\n<p><!-- \/wp:list-item --><\/p>\n<p><!-- wp:list-item --><\/p>\n<li>Kopfhoch.de-Beratungsstelle: www.kopfhoch.de oder 0800\/5458668 (Beratung f\u00fcr junge Menschen aus der gesamten Oberpfalz)<\/li>\n<p><!-- \/wp:list-item --><\/p>\n<p><!-- wp:list-item --><\/p>\n<li>Bundeskonferenz f\u00fcr Erziehungsberatung: www.bke.de (Eltern- sowie Jungendberatung)<\/li>\n<p><!-- \/wp:list-item --><\/p>\n<p><!-- wp:list-item --><\/p>\n<li>&#8222;FIDEO&#8220;: www.fideo.de (Forum zum Austausch, Selbsttest, Wissen \u00fcber Depressionen)<\/li>\n<p><!-- \/wp:list-item --><\/p>\n<p><!-- wp:list-item --><\/p>\n<li>Stiftung Deutsche Depressionshilfe: www.deutsche-depressionshilfe.de oder 0800\/3344533<\/li>\n<p><!-- \/wp:list-item --><\/p>\n<p><!-- wp:list-item --><\/p>\n<li>Krisendienst Horizont (Hilfe bei Suizidgefahr): www.krisendienst-horizont.de oder 90941\/58181<\/li>\n<p><!-- \/wp:list-item --><\/p>\n<p><!-- wp:list-item --><\/p>\n<li>U 25 Freiburg (anonyme Mailberautng bei Krisen und Suizidgedanken): www.u25-freiburg.de<\/li>\n<p><!-- \/wp:list-item --><\/p>\n<\/ul>\n<p><!-- \/wp:list --><\/p>\t\t\t\t\t\t<\/div>\n\t\t\t\t<\/div>\n\t\t\t\t\t<\/div>\n\t\t<\/div>\n\t\t\t\t\t<\/div>\n\t\t<\/section>\n\t\t\t\t<\/div>\n\t\t","protected":false},"excerpt":{"rendered":"<p>Bei Erfahrungen von h\u00e4uslicher oder sexueller Gewalt, Depressionen oder Angstst\u00f6rungen k\u00f6nnen sich betroffene Kinder und Jugendliche, oder Personen im Umfeld, die darauf aufmerksam werden, u. a. bei den nachfolgend genannten Einrichtungen au\u00dferhalb der Schule beraten lassen: Kliniken in der Oberpfalz: Weitere hilfreiche Telefonnummern und Internetadressen:<\/p>\n","protected":false},"author":1,"featured_media":0,"parent":0,"menu_order":0,"comment_status":"closed","ping_status":"closed","template":"","meta":{"footnotes":""},"class_list":["post-72","page","type-page","status-publish","hentry"],"_links":{"self":[{"href":"https:\/\/lindenschule-schwandorf.de\/index.php?rest_route=\/wp\/v2\/pages\/72","targetHints":{"allow":["GET"]}}],"collection":[{"href":"https:\/\/lindenschule-schwandorf.de\/index.php?rest_route=\/wp\/v2\/pages"}],"about":[{"href":"https:\/\/lindenschule-schwandorf.de\/index.php?rest_route=\/wp\/v2\/types\/page"}],"author":[{"embeddable":true,"href":"https:\/\/lindenschule-schwandorf.de\/index.php?rest_route=\/wp\/v2\/users\/1"}],"replies":[{"embeddable":true,"href":"https:\/\/lindenschule-schwandorf.de\/index.php?rest_route=%2Fwp%2Fv2%2Fcomments&post=72"}],"version-history":[{"count":20,"href":"https:\/\/lindenschule-schwandorf.de\/index.php?rest_route=\/wp\/v2\/pages\/72\/revisions"}],"predecessor-version":[{"id":2327,"href":"https:\/\/lindenschule-schwandorf.de\/index.php?rest_route=\/wp\/v2\/pages\/72\/revisions\/2327"}],"wp:attachment":[{"href":"https:\/\/lindenschule-schwandorf.de\/index.php?rest_route=%2Fwp%2Fv2%2Fmedia&parent=72"}],"curies":[{"name":"wp","href":"https:\/\/api.w.org\/{rel}","templated":true}]}}